{"id":207,"date":"2021-10-04T17:13:01","date_gmt":"2021-10-04T17:13:01","guid":{"rendered":"http:\/\/49.12.199.202\/?page_id=207"},"modified":"2026-02-23T18:44:14","modified_gmt":"2026-02-23T18:44:14","slug":"mitgliedsbeitraege","status":"publish","type":"page","link":"https:\/\/www.akaritatsu.at\/index.php\/mitgliedsbeitraege\/","title":{"rendered":"Mitgliedsbeitr\u00e4ge"},"content":{"rendered":"<p>[et_pb_section fb_built=&#8221;1&#8243; fullwidth=&#8221;on&#8221; _builder_version=&#8221;4.10.4&#8243; _module_preset=&#8221;default&#8221; global_colors_info=&#8221;{}&#8221;][et_pb_fullwidth_image src=&#8221;https:\/\/www.akaritatsu.at\/wp-content\/uploads\/2026\/02\/20251023_175803_1-scaled.jpg&#8221; title_text=&#8221;20251023_175803_1&#8243; _builder_version=&#8221;4.10.4&#8243; _module_preset=&#8221;default&#8221; hover_enabled=&#8221;0&#8243; global_colors_info=&#8221;{}&#8221; sticky_enabled=&#8221;0&#8243;][\/et_pb_fullwidth_image][\/et_pb_section][et_pb_section fb_built=&#8221;1&#8243; _builder_version=&#8221;4.10.4&#8243; _module_preset=&#8221;default&#8221; global_colors_info=&#8221;{}&#8221;][et_pb_row _builder_version=&#8221;4.10.4&#8243; _module_preset=&#8221;default&#8221; custom_padding=&#8221;||27px|||&#8221; global_colors_info=&#8221;{}&#8221;][et_pb_column type=&#8221;4_4&#8243; _builder_version=&#8221;4.10.4&#8243; _module_preset=&#8221;default&#8221; global_colors_info=&#8221;{}&#8221;][et_pb_text _builder_version=&#8221;4.10.4&#8243; _module_preset=&#8221;default&#8221; global_colors_info=&#8221;{}&#8221;]<\/p>\n<h1>MITGLIEDSBEITR\u00c4GE<\/h1>\n<h2>MITGLIEDSCHAFT &amp; BEITR\u00c4GE<\/h2>\n<ul>\n<li>einmalige Einschreibgeb\u00fchr: \u20ac 40,-<\/li>\n<li>Jahresmitgliedsbeitrag Kinder: \u20ac 350,- (Halbjahr: \u20ac 180,-)<\/li>\n<li>\u200b\u200bJahresmitgliedsbeitrag Erwachsene: \u20ac 390,- (Halbjahr: \u20ac 210,-)<\/li>\n<\/ul>\n<p>Wir bitten die Mitgliedsbeitr\u00e4ge immer p\u00fcnktlich zum Start des Semesters auf das Vereinskonto zu \u00fcberweisen. Sollten Karateka f\u00fcr das Semester verhindert sein und nicht am Training teilnehmen k\u00f6nnen, bitte ebenfalls um eine Abmeldung bis zum Start des Semesters, damit wir die Trainings organisieren k\u00f6nnen.<\/p>\n<p>[\/et_pb_text][\/et_pb_column][\/et_pb_row][et_pb_row _builder_version=&#8221;4.10.4&#8243; _module_preset=&#8221;default&#8221; global_colors_info=&#8221;{}&#8221;][et_pb_column type=&#8221;4_4&#8243; _builder_version=&#8221;4.10.4&#8243; _module_preset=&#8221;default&#8221; global_colors_info=&#8221;{}&#8221;][et_pb_divider _builder_version=&#8221;4.10.4&#8243; _module_preset=&#8221;default&#8221; global_colors_info=&#8221;{}&#8221;][\/et_pb_divider][\/et_pb_column][\/et_pb_row][et_pb_row _builder_version=&#8221;4.10.4&#8243; _module_preset=&#8221;default&#8221; global_colors_info=&#8221;{}&#8221;][et_pb_column type=&#8221;4_4&#8243; _builder_version=&#8221;4.10.4&#8243; _module_preset=&#8221;default&#8221; global_colors_info=&#8221;{}&#8221;][et_pb_text _builder_version=&#8221;4.10.4&#8243; _module_preset=&#8221;default&#8221; global_colors_info=&#8221;{}&#8221;]<\/p>\n<h2>KONTODATEN DES VEREINS<\/h2>\n<p>Raiffeisen Regionalbank M\u00f6dling<br \/>IBAN: AT35 3225 0000 0190 6387<br \/>BIC: RLNWATWWGTD<\/p>\n<p>[\/et_pb_text][\/et_pb_column][\/et_pb_row][\/et_pb_section]<\/p>\n","protected":false},"excerpt":{"rendered":"<p>MITGLIEDSBEITR\u00c4GE MITGLIEDSCHAFT &amp; BEITR\u00c4GE einmalige Einschreibgeb\u00fchr: \u20ac 40,- Jahresmitgliedsbeitrag Kinder: \u20ac 350,- (Halbjahr: \u20ac 180,-) \u200b\u200bJahresmitgliedsbeitrag Erwachsene: \u20ac 390,- (Halbjahr: \u20ac 210,-) Wir bitten die Mitgliedsbeitr\u00e4ge immer p\u00fcnktlich zum Start des Semesters auf das Vereinskonto zu \u00fcberweisen. Sollten Karateka f\u00fcr das Semester verhindert sein und nicht am Training teilnehmen k\u00f6nnen, bitte ebenfalls um eine Abmeldung [&hellip;]<\/p>\n","protected":false},"author":1,"featured_media":0,"parent":0,"menu_order":0,"comment_status":"closed","ping_status":"closed","template":"","meta":{"_et_pb_use_builder":"on","_et_pb_old_content":"","_et_gb_content_width":"","footnotes":""},"class_list":["post-207","page","type-page","status-publish","hentry"],"_links":{"self":[{"href":"https:\/\/www.akaritatsu.at\/index.php\/wp-json\/wp\/v2\/pages\/207","targetHints":{"allow":["GET"]}}],"collection":[{"href":"https:\/\/www.akaritatsu.at\/index.php\/wp-json\/wp\/v2\/pages"}],"about":[{"href":"https:\/\/www.akaritatsu.at\/index.php\/wp-json\/wp\/v2\/types\/page"}],"author":[{"embeddable":true,"href":"https:\/\/www.akaritatsu.at\/index.php\/wp-json\/wp\/v2\/users\/1"}],"replies":[{"embeddable":true,"href":"https:\/\/www.akaritatsu.at\/index.php\/wp-json\/wp\/v2\/comments?post=207"}],"version-history":[{"count":12,"href":"https:\/\/www.akaritatsu.at\/index.php\/wp-json\/wp\/v2\/pages\/207\/revisions"}],"predecessor-version":[{"id":766,"href":"https:\/\/www.akaritatsu.at\/index.php\/wp-json\/wp\/v2\/pages\/207\/revisions\/766"}],"wp:attachment":[{"href":"https:\/\/www.akaritatsu.at\/index.php\/wp-json\/wp\/v2\/media?parent=207"}],"curies":[{"name":"wp","href":"https:\/\/api.w.org\/{rel}","templated":true}]}}

Mitgliedsbeiträge

<p>[et_pb_section fb_built=&#8221;1&#8243; fullwidth=&#8221;on&#8221; _builder_version=&#8221;4.10.4&#8243; _module_preset=&#8221;default&#8221; global_colors_info=&#8221;{}&#8221;][et_pb_fullwidth_image src=&#8221;https://www.akaritatsu.at/wp-content/uploads/2026/02/20251023_175803_1-scaled.jpg&#8221; title_text=&#8221;20251023_175803_1&#8243; _builder_version=&#8221;4.10.4&#8243; _module_preset=&#8221;default&#8221; hover_enabled=&#8221;0&#8243; global_colors_info=&#8221;{}&#8221; sticky_enabled=&#8221;0&#8243;][/et_pb_fullwidth_image][/et_pb_section][et_pb_section fb_built=&#8221;1&#8243; _builder_version=&#8221;4.10.4&#8243; _module_preset=&#8221;default&#8221; global_colors_info=&#8221;{}&#8221;][et_pb_row _builder_version=&#8221;4.10.4&#8243; _module_preset=&#8221;default&#8221; custom_padding=&#8221;||27px|||&#8221; global_colors_info=&#8221;{}&#8221;][et_pb_column type=&#8221;4_4&#8243; _builder_version=&#8221;4.10.4&#8243; _module_preset=&#8221;default&#8221; global_colors_info=&#8221;{}&#8221;][et_pb_text _builder_version=&#8221;4.10.4&#8243; _module_preset=&#8221;default&#8221; global_colors_info=&#8221;{}&#8221;]</p>
<h1>MITGLIEDSBEITRÄGE</h1>
<h2>MITGLIEDSCHAFT &amp; BEITRÄGE</h2>
<ul>
<li>einmalige Einschreibgebühr: € 40,-</li>
<li>Jahresmitgliedsbeitrag Kinder: € 350,- (Halbjahr: € 180,-)</li>
<li>​​Jahresmitgliedsbeitrag Erwachsene: € 390,- (Halbjahr: € 210,-)</li>
</ul>
<p>Wir bitten die Mitgliedsbeiträge immer pünktlich zum Start des Semesters auf das Vereinskonto zu überweisen. Sollten Karateka für das Semester verhindert sein und nicht am Training teilnehmen können, bitte ebenfalls um eine Abmeldung bis zum Start des Semesters, damit wir die Trainings organisieren können.</p>
<p>[/et_pb_text][/et_pb_column][/et_pb_row][et_pb_row _builder_version=&#8221;4.10.4&#8243; _module_preset=&#8221;default&#8221; global_colors_info=&#8221;{}&#8221;][et_pb_column type=&#8221;4_4&#8243; _builder_version=&#8221;4.10.4&#8243; _module_preset=&#8221;default&#8221; global_colors_info=&#8221;{}&#8221;][et_pb_divider _builder_version=&#8221;4.10.4&#8243; _module_preset=&#8221;default&#8221; global_colors_info=&#8221;{}&#8221;][/et_pb_divider][/et_pb_column][/et_pb_row][et_pb_row _builder_version=&#8221;4.10.4&#8243; _module_preset=&#8221;default&#8221; global_colors_info=&#8221;{}&#8221;][et_pb_column type=&#8221;4_4&#8243; _builder_version=&#8221;4.10.4&#8243; _module_preset=&#8221;default&#8221; global_colors_info=&#8221;{}&#8221;][et_pb_text _builder_version=&#8221;4.10.4&#8243; _module_preset=&#8221;default&#8221; global_colors_info=&#8221;{}&#8221;]</p>
<h2>KONTODATEN DES VEREINS</h2>
<p>Raiffeisen Regionalbank Mödling<br />IBAN: AT35 3225 0000 0190 6387<br />BIC: RLNWATWWGTD</p>
<p>[/et_pb_text][/et_pb_column][/et_pb_row][/et_pb_section]</p>

<p>MITGLIEDSBEITRÄGE MITGLIEDSCHAFT &amp; BEITRÄGE einmalige Einschreibgebühr: € 40,- Jahresmitgliedsbeitrag Kinder: € 350,- (Halbjahr: € 180,-) ​​Jahresmitgliedsbeitrag Erwachsene: € 390,- (Halbjahr: € 210,-) Wir bitten die Mitgliedsbeiträge immer pünktlich zum Start des Semesters auf das Vereinskonto zu überweisen. Sollten Karateka für das Semester verhindert sein und nicht am Training teilnehmen können, bitte ebenfalls um eine Abmeldung [&hellip;]</p>
