{"id":168,"date":"2021-10-02T20:39:25","date_gmt":"2021-10-02T20:39:25","guid":{"rendered":"http:\/\/49.12.199.202\/?page_id=168"},"modified":"2026-02-23T18:38:50","modified_gmt":"2026-02-23T18:38:50","slug":"168-2","status":"publish","type":"page","link":"https:\/\/www.akaritatsu.at\/index.php\/168-2\/","title":{"rendered":"Training &#038; Anfahrt"},"content":{"rendered":"<p>[et_pb_section fb_built=&#8221;1&#8243; fullwidth=&#8221;on&#8221; _builder_version=&#8221;4.10.4&#8243; _module_preset=&#8221;default&#8221; global_colors_info=&#8221;{}&#8221;][et_pb_fullwidth_image src=&#8221;https:\/\/www.akaritatsu.at\/wp-content\/uploads\/2026\/02\/20251023_1900212-scaled.jpg&#8221; alt=&#8221;Banner-trainings&#8221; title_text=&#8221;20251023_1900212&#8243; _builder_version=&#8221;4.10.4&#8243; _module_preset=&#8221;default&#8221; hover_enabled=&#8221;0&#8243; global_colors_info=&#8221;{}&#8221; sticky_enabled=&#8221;0&#8243;][\/et_pb_fullwidth_image][\/et_pb_section][et_pb_section fb_built=&#8221;1&#8243; _builder_version=&#8221;4.10.4&#8243; _module_preset=&#8221;default&#8221; global_colors_info=&#8221;{}&#8221;][et_pb_row _builder_version=&#8221;4.10.4&#8243; _module_preset=&#8221;default&#8221; global_colors_info=&#8221;{}&#8221;][et_pb_column type=&#8221;4_4&#8243; _builder_version=&#8221;4.10.4&#8243; _module_preset=&#8221;default&#8221; global_colors_info=&#8221;{}&#8221;][et_pb_text _builder_version=&#8221;4.10.4&#8243; _module_preset=&#8221;default&#8221; global_colors_info=&#8221;{}&#8221;]<\/p>\n<h1>TRAININGSZEITEN &amp; ANFAHRT<\/h1>\n<p>Hier findet ihr alle Trainings und unsere Dojos im \u00dcberblick.<\/p>\n<p>Bitte beachtet: W\u00e4hrend der Schulferien in Nieder\u00f6sterreich sind die Schulen geschlossen, daher ist an diesen Tagen auch trainings-frei.<\/p>\n<p>[\/et_pb_text][\/et_pb_column][\/et_pb_row][et_pb_row column_structure=&#8221;3_5,2_5&#8243; _builder_version=&#8221;4.10.4&#8243; _module_preset=&#8221;default&#8221; global_colors_info=&#8221;{}&#8221;][et_pb_column type=&#8221;3_5&#8243; _builder_version=&#8221;4.10.4&#8243; _module_preset=&#8221;default&#8221; global_colors_info=&#8221;{}&#8221;][et_pb_text _builder_version=&#8221;4.10.4&#8243; _module_preset=&#8221;default&#8221; hover_enabled=&#8221;0&#8243; global_colors_info=&#8221;{}&#8221; sticky_enabled=&#8221;0&#8243;]<\/p>\n<h2>TRAININGSPLAN<\/h2>\n<p>MONTAG<br \/>17:00 bis 18:00 Uhr | &#8220;Alte&#8221; Volksschule Brunn\/Gebirge &#8211; B\u00c4REN &amp; TIGER<br \/>18:00 bis 19:00 Uhr | &#8220;Alte&#8221; Volksschule Brunn\/Gebirge &#8211; DRACHEN<\/p>\n<p>DONNERSTAG<br \/>17:00 bis 18:00 Uhr | Neue Volksschule Brunn\/Gebirge &#8211; B\u00c4REN &amp; TIGER<br \/>18:00 bis 19:00 Uhr | Neue Volksschule Brunn\/Gebirge &#8211; DRACHEN<br \/>19.00 bis 20.00 Uhr | Neue Volksschule Brunn\/Gebirge &#8211; ADLER<\/p>\n<p>SONNTAG<br \/>19.00 bis 20.30 Uhr | VS Perchtoldsdorf &#8211; ADLER<\/p>\n<p>[\/et_pb_text][\/et_pb_column][et_pb_column type=&#8221;2_5&#8243; _builder_version=&#8221;4.10.4&#8243; _module_preset=&#8221;default&#8221; global_colors_info=&#8221;{}&#8221;][et_pb_image src=&#8221;https:\/\/www.akaritatsu.at\/wp-content\/uploads\/2026\/02\/20251218_180305-1-scaled.jpg&#8221; title_text=&#8221;20251218_180305 (1)&#8221; _builder_version=&#8221;4.10.4&#8243; _module_preset=&#8221;default&#8221; hover_enabled=&#8221;0&#8243; global_colors_info=&#8221;{}&#8221; sticky_enabled=&#8221;0&#8243;][\/et_pb_image][\/et_pb_column][\/et_pb_row][et_pb_row _builder_version=&#8221;4.10.4&#8243; _module_preset=&#8221;default&#8221; global_colors_info=&#8221;{}&#8221;][et_pb_column type=&#8221;4_4&#8243; _builder_version=&#8221;4.10.4&#8243; _module_preset=&#8221;default&#8221; global_colors_info=&#8221;{}&#8221;][et_pb_text _builder_version=&#8221;4.10.4&#8243; _module_preset=&#8221;default&#8221; global_colors_info=&#8221;{}&#8221;]<\/p>\n<h2>TRAININGSORTE<\/h2>\n<p>[\/et_pb_text][\/et_pb_column][\/et_pb_row][et_pb_row column_structure=&#8221;1_3,1_3,1_3&#8243; _builder_version=&#8221;4.10.4&#8243; _module_preset=&#8221;default&#8221; global_colors_info=&#8221;{}&#8221;][et_pb_column type=&#8221;1_3&#8243; _builder_version=&#8221;4.10.4&#8243; _module_preset=&#8221;default&#8221; global_colors_info=&#8221;{}&#8221;][et_pb_text _builder_version=&#8221;4.10.4&#8243; _module_preset=&#8221;default&#8221; global_colors_info=&#8221;{}&#8221;]<\/p>\n<h3>&#8220;Alte&#8221; VS Brunn am Gebirge<\/h3>\n<p>Wienerstra\u00dfe 23<br \/>2345 Brunn am Gebirge<\/p>\n<p>[\/et_pb_text][et_pb_code _builder_version=&#8221;4.10.4&#8243; _module_preset=&#8221;default&#8221; global_colors_info=&#8221;{}&#8221;]<iframe src=\"https:\/\/www.google.com\/maps\/embed?pb=!1m18!1m12!1m3!1d2664.1420952282683!2d16.28351081490103!3d48.10749456123588!2m3!1f0!2f0!3f0!3m2!1i1024!2i768!4f13.1!3m3!1m2!1s0x476daf46f03b5ac3%3A0xae8767140a46e7fd!2sVolksschule%20Brunn%20am%20Gebirge!5e0!3m2!1sen!2sat!4v1633206950570!5m2!1sen!2sat\" width=\"600\" height=\"450\" style=\"border:0;\" allowfullscreen=\"\" loading=\"lazy\"><\/iframe>[\/et_pb_code][\/et_pb_column][et_pb_column type=&#8221;1_3&#8243; _builder_version=&#8221;4.10.4&#8243; _module_preset=&#8221;default&#8221; global_colors_info=&#8221;{}&#8221;][et_pb_text _builder_version=&#8221;4.10.4&#8243; _module_preset=&#8221;default&#8221; global_colors_info=&#8221;{}&#8221;]<\/p>\n<h3>Neue Volksschule Brunn\/Gebirge<\/h3>\n<p>Franz-Schubert Stra\u00dfe\/Ecke Rennweg<br \/>2345 Brunn am Gebirge<\/p>\n<p>[\/et_pb_text][et_pb_code _builder_version=&#8221;4.10.4&#8243; _module_preset=&#8221;default&#8221; global_colors_info=&#8221;{}&#8221;]<iframe src=\"https:\/\/www.google.com\/maps\/embed?pb=!1m18!1m12!1m3!1d2664.0778587393224!2d16.297364614901127!3d48.1087337611496!2m3!1f0!2f0!3f0!3m2!1i1024!2i768!4f13.1!3m3!1m2!1s0x476dafb2b08e1c41%3A0xfeb812bcf5a0876f!2sVolksschule%20Brunn%20am%20Gebirge!5e0!3m2!1sen!2sat!4v1633206987817!5m2!1sen!2sat\" width=\"600\" height=\"450\" style=\"border:0;\" allowfullscreen=\"\" loading=\"lazy\"><\/iframe>[\/et_pb_code][\/et_pb_column][et_pb_column type=&#8221;1_3&#8243; _builder_version=&#8221;4.10.4&#8243; _module_preset=&#8221;default&#8221; global_colors_info=&#8221;{}&#8221;][et_pb_text _builder_version=&#8221;4.10.4&#8243; _module_preset=&#8221;default&#8221; global_colors_info=&#8221;{}&#8221;]<\/p>\n<h3>VS Perchtoldsdorf Roseggergasse<\/h3>\n<p>Roseggergasse 2-6<br \/>2380 Perchtoldsdorf<\/p>\n<p>[\/et_pb_text][et_pb_code _builder_version=&#8221;4.10.4&#8243; _module_preset=&#8221;default&#8221; global_colors_info=&#8221;{}&#8221;]<iframe src=\"https:\/\/www.google.com\/maps\/embed?pb=!1m18!1m12!1m3!1d2663.464345791355!2d16.257973914901648!3d48.12056796032564!2m3!1f0!2f0!3f0!3m2!1i1024!2i768!4f13.1!3m3!1m2!1s0x476da5fc6b119013%3A0x74baa9cdd781d05a!2sVolksschule%20Roseggergasse!5e0!3m2!1sen!2sat!4v1633207015077!5m2!1sen!2sat\" width=\"600\" height=\"450\" style=\"border:0;\" allowfullscreen=\"\" loading=\"lazy\"><\/iframe>[\/et_pb_code][\/et_pb_column][\/et_pb_row][\/et_pb_section]<\/p>\n","protected":false},"excerpt":{"rendered":"<p>TRAININGSZEITEN &amp; ANFAHRT Hier findet ihr alle Trainings und unsere Dojos im \u00dcberblick. Bitte beachtet: W\u00e4hrend der Schulferien in Nieder\u00f6sterreich sind die Schulen geschlossen, daher ist an diesen Tagen auch trainings-frei.TRAININGSPLAN MONTAG17:00 bis 18:00 Uhr | &#8220;Alte&#8221; Volksschule Brunn\/Gebirge &#8211; B\u00c4REN &amp; TIGER18:00 bis 19:00 Uhr | &#8220;Alte&#8221; Volksschule Brunn\/Gebirge &#8211; DRACHEN DONNERSTAG17:00 bis 18:00 [&hellip;]<\/p>\n","protected":false},"author":1,"featured_media":0,"parent":0,"menu_order":0,"comment_status":"closed","ping_status":"closed","template":"","meta":{"_et_pb_use_builder":"on","_et_pb_old_content":"","_et_gb_content_width":"","footnotes":""},"class_list":["post-168","page","type-page","status-publish","hentry"],"_links":{"self":[{"href":"https:\/\/www.akaritatsu.at\/index.php\/wp-json\/wp\/v2\/pages\/168","targetHints":{"allow":["GET"]}}],"collection":[{"href":"https:\/\/www.akaritatsu.at\/index.php\/wp-json\/wp\/v2\/pages"}],"about":[{"href":"https:\/\/www.akaritatsu.at\/index.php\/wp-json\/wp\/v2\/types\/page"}],"author":[{"embeddable":true,"href":"https:\/\/www.akaritatsu.at\/index.php\/wp-json\/wp\/v2\/users\/1"}],"replies":[{"embeddable":true,"href":"https:\/\/www.akaritatsu.at\/index.php\/wp-json\/wp\/v2\/comments?post=168"}],"version-history":[{"count":8,"href":"https:\/\/www.akaritatsu.at\/index.php\/wp-json\/wp\/v2\/pages\/168\/revisions"}],"predecessor-version":[{"id":760,"href":"https:\/\/www.akaritatsu.at\/index.php\/wp-json\/wp\/v2\/pages\/168\/revisions\/760"}],"wp:attachment":[{"href":"https:\/\/www.akaritatsu.at\/index.php\/wp-json\/wp\/v2\/media?parent=168"}],"curies":[{"name":"wp","href":"https:\/\/api.w.org\/{rel}","templated":true}]}}

<p>[et_pb_section fb_built=&#8221;1&#8243; fullwidth=&#8221;on&#8221; _builder_version=&#8221;4.10.4&#8243; _module_preset=&#8221;default&#8221; global_colors_info=&#8221;{}&#8221;][et_pb_fullwidth_image src=&#8221;https://www.akaritatsu.at/wp-content/uploads/2026/02/20251023_1900212-scaled.jpg&#8221; alt=&#8221;Banner-trainings&#8221; title_text=&#8221;20251023_1900212&#8243; _builder_version=&#8221;4.10.4&#8243; _module_preset=&#8221;default&#8221; hover_enabled=&#8221;0&#8243; global_colors_info=&#8221;{}&#8221; sticky_enabled=&#8221;0&#8243;][/et_pb_fullwidth_image][/et_pb_section][et_pb_section fb_built=&#8221;1&#8243; _builder_version=&#8221;4.10.4&#8243; _module_preset=&#8221;default&#8221; global_colors_info=&#8221;{}&#8221;][et_pb_row _builder_version=&#8221;4.10.4&#8243; _module_preset=&#8221;default&#8221; global_colors_info=&#8221;{}&#8221;][et_pb_column type=&#8221;4_4&#8243; _builder_version=&#8221;4.10.4&#8243; _module_preset=&#8221;default&#8221; global_colors_info=&#8221;{}&#8221;][et_pb_text _builder_version=&#8221;4.10.4&#8243; _module_preset=&#8221;default&#8221; global_colors_info=&#8221;{}&#8221;]</p>
<h1>TRAININGSZEITEN &amp; ANFAHRT</h1>
<p>Hier findet ihr alle Trainings und unsere Dojos im Überblick.</p>
<p>Bitte beachtet: Während der Schulferien in Niederösterreich sind die Schulen geschlossen, daher ist an diesen Tagen auch trainings-frei.</p>
<p>[/et_pb_text][/et_pb_column][/et_pb_row][et_pb_row column_structure=&#8221;3_5,2_5&#8243; _builder_version=&#8221;4.10.4&#8243; _module_preset=&#8221;default&#8221; global_colors_info=&#8221;{}&#8221;][et_pb_column type=&#8221;3_5&#8243; _builder_version=&#8221;4.10.4&#8243; _module_preset=&#8221;default&#8221; global_colors_info=&#8221;{}&#8221;][et_pb_text _builder_version=&#8221;4.10.4&#8243; _module_preset=&#8221;default&#8221; hover_enabled=&#8221;0&#8243; global_colors_info=&#8221;{}&#8221; sticky_enabled=&#8221;0&#8243;]</p>
<h2>TRAININGSPLAN</h2>
<p>MONTAG<br />17:00 bis 18:00 Uhr | &#8220;Alte&#8221; Volksschule Brunn/Gebirge &#8211; BÄREN &amp; TIGER<br />18:00 bis 19:00 Uhr | &#8220;Alte&#8221; Volksschule Brunn/Gebirge &#8211; DRACHEN</p>
<p>DONNERSTAG<br />17:00 bis 18:00 Uhr | Neue Volksschule Brunn/Gebirge &#8211; BÄREN &amp; TIGER<br />18:00 bis 19:00 Uhr | Neue Volksschule Brunn/Gebirge &#8211; DRACHEN<br />19.00 bis 20.00 Uhr | Neue Volksschule Brunn/Gebirge &#8211; ADLER</p>
<p>SONNTAG<br />19.00 bis 20.30 Uhr | VS Perchtoldsdorf &#8211; ADLER</p>
<p>[/et_pb_text][/et_pb_column][et_pb_column type=&#8221;2_5&#8243; _builder_version=&#8221;4.10.4&#8243; _module_preset=&#8221;default&#8221; global_colors_info=&#8221;{}&#8221;][et_pb_image src=&#8221;https://www.akaritatsu.at/wp-content/uploads/2026/02/20251218_180305-1-scaled.jpg&#8221; title_text=&#8221;20251218_180305 (1)&#8221; _builder_version=&#8221;4.10.4&#8243; _module_preset=&#8221;default&#8221; hover_enabled=&#8221;0&#8243; global_colors_info=&#8221;{}&#8221; sticky_enabled=&#8221;0&#8243;][/et_pb_image][/et_pb_column][/et_pb_row][et_pb_row _builder_version=&#8221;4.10.4&#8243; _module_preset=&#8221;default&#8221; global_colors_info=&#8221;{}&#8221;][et_pb_column type=&#8221;4_4&#8243; _builder_version=&#8221;4.10.4&#8243; _module_preset=&#8221;default&#8221; global_colors_info=&#8221;{}&#8221;][et_pb_text _builder_version=&#8221;4.10.4&#8243; _module_preset=&#8221;default&#8221; global_colors_info=&#8221;{}&#8221;]</p>
<h2>TRAININGSORTE</h2>
<p>[/et_pb_text][/et_pb_column][/et_pb_row][et_pb_row column_structure=&#8221;1_3,1_3,1_3&#8243; _builder_version=&#8221;4.10.4&#8243; _module_preset=&#8221;default&#8221; global_colors_info=&#8221;{}&#8221;][et_pb_column type=&#8221;1_3&#8243; _builder_version=&#8221;4.10.4&#8243; _module_preset=&#8221;default&#8221; global_colors_info=&#8221;{}&#8221;][et_pb_text _builder_version=&#8221;4.10.4&#8243; _module_preset=&#8221;default&#8221; global_colors_info=&#8221;{}&#8221;]</p>
<h3>&#8220;Alte&#8221; VS Brunn am Gebirge</h3>
<p>Wienerstraße 23<br />2345 Brunn am Gebirge</p>
<p>[/et_pb_text][et_pb_code _builder_version=&#8221;4.10.4&#8243; _module_preset=&#8221;default&#8221; global_colors_info=&#8221;{}&#8221;]<iframe src="https://www.google.com/maps/embed?pb=!1m18!1m12!1m3!1d2664.1420952282683!2d16.28351081490103!3d48.10749456123588!2m3!1f0!2f0!3f0!3m2!1i1024!2i768!4f13.1!3m3!1m2!1s0x476daf46f03b5ac3%3A0xae8767140a46e7fd!2sVolksschule%20Brunn%20am%20Gebirge!5e0!3m2!1sen!2sat!4v1633206950570!5m2!1sen!2sat" width="600" height="450" style="border:0;" allowfullscreen="" loading="lazy"></iframe>[/et_pb_code][/et_pb_column][et_pb_column type=&#8221;1_3&#8243; _builder_version=&#8221;4.10.4&#8243; _module_preset=&#8221;default&#8221; global_colors_info=&#8221;{}&#8221;][et_pb_text _builder_version=&#8221;4.10.4&#8243; _module_preset=&#8221;default&#8221; global_colors_info=&#8221;{}&#8221;]</p>
<h3>Neue Volksschule Brunn/Gebirge</h3>
<p>Franz-Schubert Straße/Ecke Rennweg<br />2345 Brunn am Gebirge</p>
<p>[/et_pb_text][et_pb_code _builder_version=&#8221;4.10.4&#8243; _module_preset=&#8221;default&#8221; global_colors_info=&#8221;{}&#8221;]<iframe src="https://www.google.com/maps/embed?pb=!1m18!1m12!1m3!1d2664.0778587393224!2d16.297364614901127!3d48.1087337611496!2m3!1f0!2f0!3f0!3m2!1i1024!2i768!4f13.1!3m3!1m2!1s0x476dafb2b08e1c41%3A0xfeb812bcf5a0876f!2sVolksschule%20Brunn%20am%20Gebirge!5e0!3m2!1sen!2sat!4v1633206987817!5m2!1sen!2sat" width="600" height="450" style="border:0;" allowfullscreen="" loading="lazy"></iframe>[/et_pb_code][/et_pb_column][et_pb_column type=&#8221;1_3&#8243; _builder_version=&#8221;4.10.4&#8243; _module_preset=&#8221;default&#8221; global_colors_info=&#8221;{}&#8221;][et_pb_text _builder_version=&#8221;4.10.4&#8243; _module_preset=&#8221;default&#8221; global_colors_info=&#8221;{}&#8221;]</p>
<h3>VS Perchtoldsdorf Roseggergasse</h3>
<p>Roseggergasse 2-6<br />2380 Perchtoldsdorf</p>
<p>[/et_pb_text][et_pb_code _builder_version=&#8221;4.10.4&#8243; _module_preset=&#8221;default&#8221; global_colors_info=&#8221;{}&#8221;]<iframe src="https://www.google.com/maps/embed?pb=!1m18!1m12!1m3!1d2663.464345791355!2d16.257973914901648!3d48.12056796032564!2m3!1f0!2f0!3f0!3m2!1i1024!2i768!4f13.1!3m3!1m2!1s0x476da5fc6b119013%3A0x74baa9cdd781d05a!2sVolksschule%20Roseggergasse!5e0!3m2!1sen!2sat!4v1633207015077!5m2!1sen!2sat" width="600" height="450" style="border:0;" allowfullscreen="" loading="lazy"></iframe>[/et_pb_code][/et_pb_column][/et_pb_row][/et_pb_section]</p>

<p>TRAININGSZEITEN &amp; ANFAHRT Hier findet ihr alle Trainings und unsere Dojos im Überblick. Bitte beachtet: Während der Schulferien in Niederösterreich sind die Schulen geschlossen, daher ist an diesen Tagen auch trainings-frei.TRAININGSPLAN MONTAG17:00 bis 18:00 Uhr | &#8220;Alte&#8221; Volksschule Brunn/Gebirge &#8211; BÄREN &amp; TIGER18:00 bis 19:00 Uhr | &#8220;Alte&#8221; Volksschule Brunn/Gebirge &#8211; DRACHEN DONNERSTAG17:00 bis 18:00 [&hellip;]</p>
