{"id":138,"date":"2021-09-30T18:22:36","date_gmt":"2021-09-30T18:22:36","guid":{"rendered":"http:\/\/49.12.199.202\/?page_id=138"},"modified":"2026-02-23T18:36:00","modified_gmt":"2026-02-23T18:36:00","slug":"training","status":"publish","type":"page","link":"https:\/\/www.akaritatsu.at\/index.php\/training\/","title":{"rendered":"Training"},"content":{"rendered":"<p>[et_pb_section fb_built=&#8221;1&#8243; fullwidth=&#8221;on&#8221; _builder_version=&#8221;4.10.4&#8243; _module_preset=&#8221;default&#8221; global_colors_info=&#8221;{}&#8221;][et_pb_fullwidth_image src=&#8221;https:\/\/www.akaritatsu.at\/wp-content\/uploads\/2026\/02\/20251023_180150_1-scaled.jpg&#8221; alt=&#8221;training_banner&#8221; title_text=&#8221;20251023_180150_1&#8243; _builder_version=&#8221;4.10.4&#8243; _module_preset=&#8221;default&#8221; hover_enabled=&#8221;0&#8243; global_colors_info=&#8221;{}&#8221; sticky_enabled=&#8221;0&#8243;][\/et_pb_fullwidth_image][\/et_pb_section][et_pb_section fb_built=&#8221;1&#8243; _builder_version=&#8221;4.10.4&#8243; _module_preset=&#8221;default&#8221; global_colors_info=&#8221;{}&#8221;][et_pb_row _builder_version=&#8221;4.10.4&#8243; _module_preset=&#8221;default&#8221; global_colors_info=&#8221;{}&#8221;][et_pb_column type=&#8221;4_4&#8243; _builder_version=&#8221;4.10.4&#8243; _module_preset=&#8221;default&#8221; global_colors_info=&#8221;{}&#8221;][et_pb_text _builder_version=&#8221;4.10.4&#8243; _module_preset=&#8221;default&#8221; global_colors_info=&#8221;{}&#8221;]<\/p>\n<h1>TRAINING<\/h1>\n<p>Alles Wissenswerte rund um die Trainings, Gruppen und Trainingsorte.[\/et_pb_text][\/et_pb_column][\/et_pb_row][et_pb_row column_structure=&#8221;2_5,3_5&#8243; _builder_version=&#8221;4.10.4&#8243; _module_preset=&#8221;default&#8221; global_colors_info=&#8221;{}&#8221;][et_pb_column type=&#8221;2_5&#8243; _builder_version=&#8221;4.10.4&#8243; _module_preset=&#8221;default&#8221; global_colors_info=&#8221;{}&#8221;][et_pb_image src=&#8221;https:\/\/www.akaritatsu.at\/wp-content\/uploads\/2025\/04\/20250327_181846-scaled.jpg&#8221; alt=&#8221;Karate B\u00e4ren Gruppe&#8221; title_text=&#8221;20250327_181846&#8243; _builder_version=&#8221;4.10.4&#8243; _module_preset=&#8221;default&#8221; hover_enabled=&#8221;0&#8243; global_colors_info=&#8221;{}&#8221; sticky_enabled=&#8221;0&#8243;][\/et_pb_image][\/et_pb_column][et_pb_column type=&#8221;3_5&#8243; _builder_version=&#8221;4.10.4&#8243; _module_preset=&#8221;default&#8221; global_colors_info=&#8221;{}&#8221;][et_pb_text _builder_version=&#8221;4.10.4&#8243; _module_preset=&#8221;default&#8221; global_colors_info=&#8221;{}&#8221;]<\/p>\n<h2>B\u00c4REN<\/h2>\n<h3>Training f\u00fcr Kids ab 5 Jahren<\/h3>\n<p>Koordination, Konzentration und Selbstvertrauen verkn\u00fcpft mit Spiel &amp; Spass: In der B\u00c4REN-Gruppe geht es darum, sich auszutoben, Sch\u00fcchternheit ab- und Selbstvertrauen aufzubauen, K\u00f6rpergef\u00fchl zu entwickeln und Gleichgewicht sowie Motorik zu trainieren &#8211; der soziale Kontakt steht im Vordergrund.<\/p>\n<p>Hier werden die ersten Karate-Techniken, Faust-, Fu\u00dfst\u00f6\u00dfe und Kombinationen, gelernt, die B\u00c4REN werden f\u00fcr die &#8220;Schule des Kampfsports&#8221; vorbereitet.<\/p>\n<p>TRAININGSZEITEN:<\/p>\n<ul>\n<li>Donnerstag, 17.00 bis 18.00 Uhr<br \/>Turnsaal der neuen Volksschule Brunn am Gebirge<\/li>\n<\/ul>\n<p>[\/et_pb_text][\/et_pb_column][\/et_pb_row][et_pb_row _builder_version=&#8221;4.10.4&#8243; _module_preset=&#8221;default&#8221; global_colors_info=&#8221;{}&#8221;][et_pb_column type=&#8221;4_4&#8243; _builder_version=&#8221;4.10.4&#8243; _module_preset=&#8221;default&#8221; global_colors_info=&#8221;{}&#8221;][et_pb_divider _builder_version=&#8221;4.10.4&#8243; _module_preset=&#8221;default&#8221; global_colors_info=&#8221;{}&#8221;][\/et_pb_divider][\/et_pb_column][\/et_pb_row][et_pb_row column_structure=&#8221;2_5,3_5&#8243; _builder_version=&#8221;4.10.4&#8243; _module_preset=&#8221;default&#8221; global_colors_info=&#8221;{}&#8221;][et_pb_column type=&#8221;2_5&#8243; _builder_version=&#8221;4.10.4&#8243; _module_preset=&#8221;default&#8221; global_colors_info=&#8221;{}&#8221;][et_pb_image src=&#8221;https:\/\/www.akaritatsu.at\/wp-content\/uploads\/2026\/02\/20250327_1804070-scaled.jpg&#8221; alt=&#8221;Karate Tiger Gruppe&#8221; title_text=&#8221;20250327_180407(0)&#8221; _builder_version=&#8221;4.10.4&#8243; _module_preset=&#8221;default&#8221; hover_enabled=&#8221;0&#8243; global_colors_info=&#8221;{}&#8221; sticky_enabled=&#8221;0&#8243;][\/et_pb_image][\/et_pb_column][et_pb_column type=&#8221;3_5&#8243; _builder_version=&#8221;4.10.4&#8243; _module_preset=&#8221;default&#8221; global_colors_info=&#8221;{}&#8221;][et_pb_text _builder_version=&#8221;4.10.4&#8243; _module_preset=&#8221;default&#8221; global_colors_info=&#8221;{}&#8221;]<\/p>\n<h2>TIGER<\/h2>\n<h3>Training f\u00fcr Kids ab 7 Jahren<\/h3>\n<p>Kampfsport-Technik, Karate-Know-how, K\u00f6rpergef\u00fchl, Krafttraining, Disziplin &amp; Wettkampf: \u200bDie TIGER-Gruppe ist f\u00fcr Karatekas im Volksschulalter bestimmt.<\/p>\n<p>Im Mittelpunkt des Anf\u00e4ngertrainings stehen die wichtigsten Techniken und Wissenswertes rund um Karate: Faustst\u00f6\u00dfe, Fu\u00dfst\u00f6\u00dfe und Kombinationen sowie Kata (Scheinkampf ohne Gegner).<\/p>\n<p>Den Kindern wird in erster Linie vermittelt, dass sich ein Karateka selbst verteidigen kann, das Erlernte aber niemals zum Schaden anderer eingesetzt wird. Disziplin aber auch Spa\u00df stehen im Vordergrund &#8211; es geht um das Miteinander, nicht um das Gegeneinander!<\/p>\n<p>TRAININGSZEITEN:<\/p>\n<ul>\n<li>Montag, 17.00 bis 18.00 Uhr<br \/>Turnsaal der alten Volksschule Brunn am Gebirge<\/li>\n<li>Donnerstag, 17.00 bis 18.00 Uhr<br \/>Turnsaal der neuen Volksschule Brunn am Gebirge<\/li>\n<\/ul>\n<p>[\/et_pb_text][\/et_pb_column][\/et_pb_row][et_pb_row _builder_version=&#8221;4.10.4&#8243; _module_preset=&#8221;default&#8221; global_colors_info=&#8221;{}&#8221;][et_pb_column type=&#8221;4_4&#8243; _builder_version=&#8221;4.10.4&#8243; _module_preset=&#8221;default&#8221; global_colors_info=&#8221;{}&#8221;][et_pb_divider _builder_version=&#8221;4.10.4&#8243; _module_preset=&#8221;default&#8221; global_colors_info=&#8221;{}&#8221;][\/et_pb_divider][\/et_pb_column][\/et_pb_row][et_pb_row column_structure=&#8221;2_5,3_5&#8243; _builder_version=&#8221;4.10.4&#8243; _module_preset=&#8221;default&#8221; global_colors_info=&#8221;{}&#8221;][et_pb_column type=&#8221;2_5&#8243; _builder_version=&#8221;4.10.4&#8243; _module_preset=&#8221;default&#8221; global_colors_info=&#8221;{}&#8221;][et_pb_image src=&#8221;https:\/\/www.akaritatsu.at\/wp-content\/uploads\/2026\/02\/20260108_1854002-scaled.jpg&#8221; alt=&#8221;Karate Drachen Gruppe&#8221; title_text=&#8221;20260108_1854002&#8243; _builder_version=&#8221;4.10.4&#8243; _module_preset=&#8221;default&#8221; hover_enabled=&#8221;0&#8243; global_colors_info=&#8221;{}&#8221; sticky_enabled=&#8221;0&#8243;][\/et_pb_image][\/et_pb_column][et_pb_column type=&#8221;3_5&#8243; _builder_version=&#8221;4.10.4&#8243; _module_preset=&#8221;default&#8221; global_colors_info=&#8221;{}&#8221;][et_pb_text _builder_version=&#8221;4.10.4&#8243; _module_preset=&#8221;default&#8221; global_colors_info=&#8221;{}&#8221;]<\/p>\n<h2>DRACHEN<\/h2>\n<h3>Training f\u00fcr Orange-G\u00fcrtel-Tr\u00e4ger und h\u00f6her Graduierte<\/h3>\n<p>Disziplin, Kraft, Technik &#8211; die DRACHEN sind die Fortgeschrittenen, der K\u00e4mpfernachwuchs. Im Fokus: Der Weg zum braunen und schwarzen G\u00fcrtel!<\/p>\n<p>Steht bei den B\u00c4REN und TIGERN noch das Spielerische im Vordergrund, geht es in unserer Fortgeschrittenen-Gruppe im die wesentlichsten Dinge der Kampfkunst Karate: Disziplin, Kraft- und Techniktraining sowie intensives Partnertraining.<\/p>\n<p>TRAININGSZEITEN:<\/p>\n<ul>\n<li>Montag, 18:00 bis 19.00 Uhr<br \/>Turnsaal der alten Volksschule Brunn am Gebirge<\/li>\n<li>Donnerstag, 18.00 bis 19.00 Uhr<br \/>Turnsaal der neuen Volksschule Brunn am Gebirge<\/li>\n<\/ul>\n<p>[\/et_pb_text][\/et_pb_column][\/et_pb_row][et_pb_row _builder_version=&#8221;4.10.4&#8243; _module_preset=&#8221;default&#8221; global_colors_info=&#8221;{}&#8221;][et_pb_column type=&#8221;4_4&#8243; _builder_version=&#8221;4.10.4&#8243; _module_preset=&#8221;default&#8221; global_colors_info=&#8221;{}&#8221;][et_pb_divider _builder_version=&#8221;4.10.4&#8243; _module_preset=&#8221;default&#8221; global_colors_info=&#8221;{}&#8221;][\/et_pb_divider][\/et_pb_column][\/et_pb_row][et_pb_row column_structure=&#8221;2_5,3_5&#8243; _builder_version=&#8221;4.10.4&#8243; _module_preset=&#8221;default&#8221; global_colors_info=&#8221;{}&#8221;][et_pb_column type=&#8221;2_5&#8243; _builder_version=&#8221;4.10.4&#8243; _module_preset=&#8221;default&#8221; global_colors_info=&#8221;{}&#8221;][et_pb_image src=&#8221;https:\/\/www.akaritatsu.at\/wp-content\/uploads\/2026\/02\/20250302_201620-scaled.jpg&#8221; alt=&#8221;Karate Adler Gruppe&#8221; title_text=&#8221;20250302_201620&#8243; _builder_version=&#8221;4.10.4&#8243; _module_preset=&#8221;default&#8221; hover_enabled=&#8221;0&#8243; global_colors_info=&#8221;{}&#8221; sticky_enabled=&#8221;0&#8243;][\/et_pb_image][\/et_pb_column][et_pb_column type=&#8221;3_5&#8243; _builder_version=&#8221;4.10.4&#8243; _module_preset=&#8221;default&#8221; global_colors_info=&#8221;{}&#8221;][et_pb_text _builder_version=&#8221;4.10.4&#8243; _module_preset=&#8221;default&#8221; global_colors_info=&#8221;{}&#8221;]<\/p>\n<h2>ADLER<\/h2>\n<h3>Training f\u00fcr Erwachsene und Jugendliche mit braunem G\u00fcrtel ab 16 Jahren<\/h3>\n<p>In unserer Erwachsenengruppe besch\u00e4ftigen wir uns in erster Linie mit der geistigen und k\u00f6rperlichen Fitness.<\/p>\n<p>Sowohl das Wissen als auch das angewandte K\u00f6nnen im Bereich Selbstverteidigung ist ein zentraler Bestandteil unseres Trainings. Alter und Geschlecht spielen keine Rolle.<\/p>\n<p>TRAININGSZEITEN:<\/p>\n<ul>\n<li><span style=\"font-size: 14px;\">Donnerstag, 19.00 bis 20.00 Uhr<br \/><\/span>Turnsaal der neuen Volksschule Brunn am Gebirge<\/li>\n<li>Sonntag, 19.00 bis 20.30 Uhr<br \/>Turnsaal der Volksschule Perchtoldsdorf, Roseggergasse<\/li>\n<\/ul>\n<p>\u200b<\/p>\n<p>[\/et_pb_text][\/et_pb_column][\/et_pb_row][\/et_pb_section]<\/p>\n","protected":false},"excerpt":{"rendered":"<p>TRAINING Alles Wissenswerte rund um die Trainings, Gruppen und Trainingsorte.B\u00c4REN Training f\u00fcr Kids ab 5 Jahren Koordination, Konzentration und Selbstvertrauen verkn\u00fcpft mit Spiel &amp; Spass: In der B\u00c4REN-Gruppe geht es darum, sich auszutoben, Sch\u00fcchternheit ab- und Selbstvertrauen aufzubauen, K\u00f6rpergef\u00fchl zu entwickeln und Gleichgewicht sowie Motorik zu trainieren &#8211; der soziale Kontakt steht im Vordergrund. Hier [&hellip;]<\/p>\n","protected":false},"author":1,"featured_media":0,"parent":0,"menu_order":0,"comment_status":"closed","ping_status":"closed","template":"","meta":{"_et_pb_use_builder":"on","_et_pb_old_content":"","_et_gb_content_width":"","footnotes":""},"class_list":["post-138","page","type-page","status-publish","hentry"],"_links":{"self":[{"href":"https:\/\/www.akaritatsu.at\/index.php\/wp-json\/wp\/v2\/pages\/138","targetHints":{"allow":["GET"]}}],"collection":[{"href":"https:\/\/www.akaritatsu.at\/index.php\/wp-json\/wp\/v2\/pages"}],"about":[{"href":"https:\/\/www.akaritatsu.at\/index.php\/wp-json\/wp\/v2\/types\/page"}],"author":[{"embeddable":true,"href":"https:\/\/www.akaritatsu.at\/index.php\/wp-json\/wp\/v2\/users\/1"}],"replies":[{"embeddable":true,"href":"https:\/\/www.akaritatsu.at\/index.php\/wp-json\/wp\/v2\/comments?post=138"}],"version-history":[{"count":15,"href":"https:\/\/www.akaritatsu.at\/index.php\/wp-json\/wp\/v2\/pages\/138\/revisions"}],"predecessor-version":[{"id":758,"href":"https:\/\/www.akaritatsu.at\/index.php\/wp-json\/wp\/v2\/pages\/138\/revisions\/758"}],"wp:attachment":[{"href":"https:\/\/www.akaritatsu.at\/index.php\/wp-json\/wp\/v2\/media?parent=138"}],"curies":[{"name":"wp","href":"https:\/\/api.w.org\/{rel}","templated":true}]}}