{"id":114,"date":"2021-09-29T20:35:26","date_gmt":"2021-09-29T20:35:26","guid":{"rendered":"http:\/\/49.12.199.202\/?page_id=114"},"modified":"2022-12-16T19:35:36","modified_gmt":"2022-12-16T19:35:36","slug":"kontakt","status":"publish","type":"page","link":"https:\/\/www.akaritatsu.at\/index.php\/kontakt\/","title":{"rendered":"Kontakt"},"content":{"rendered":"<p>[et_pb_section fb_built=&#8221;1&#8243; fullwidth=&#8221;on&#8221; _builder_version=&#8221;4.10.4&#8243; _module_preset=&#8221;default&#8221;][et_pb_fullwidth_image src=&#8221;http:\/\/49.12.199.202\/wp-content\/uploads\/2021\/09\/kontakt-banner.png&#8221; _builder_version=&#8221;4.10.4&#8243; _module_preset=&#8221;default&#8221; alt=&#8221;Akari Tatsu Kontakt&#8221; title_text=&#8221;kontakt-banner&#8221; hover_enabled=&#8221;0&#8243; sticky_enabled=&#8221;0&#8243;][\/et_pb_fullwidth_image][\/et_pb_section][et_pb_section fb_built=&#8221;1&#8243; _builder_version=&#8221;4.10.4&#8243; _module_preset=&#8221;default&#8221; global_colors_info=&#8221;{}&#8221;][et_pb_row column_structure=&#8221;3_5,2_5&#8243; _builder_version=&#8221;4.10.4&#8243; _module_preset=&#8221;default&#8221; global_colors_info=&#8221;{}&#8221;][et_pb_column type=&#8221;3_5&#8243; _builder_version=&#8221;4.10.4&#8243; _module_preset=&#8221;default&#8221; global_colors_info=&#8221;{}&#8221;][et_pb_text _builder_version=&#8221;4.10.4&#8243; _module_preset=&#8221;default&#8221; global_colors_info=&#8221;{}&#8221;]<\/p>\n<h1>KONTAKT<\/h1>\n<p>So kannst du uns erreichen:<\/p>\n<p>Sensei Mag. Christoph Neubauer<br \/>\ne-Mail: chris.neubauer@gmx.at<br \/>\nTelefon: 0650\/2918986<\/p>\n<p>Didi Neubauer<br \/>\ne-Mail: didi.r@gmx.at<br \/>\nTelefon: 0676\/96 49 787<\/p>\n<p>[\/et_pb_text][\/et_pb_column][et_pb_column type=&#8221;2_5&#8243; _builder_version=&#8221;4.10.4&#8243; _module_preset=&#8221;default&#8221; global_colors_info=&#8221;{}&#8221;][et_pb_image src=&#8221;http:\/\/49.12.199.202\/wp-content\/uploads\/2021\/09\/akari-tatsu-logo.png&#8221; title_text=&#8221;akari-tatsu-logo&#8221; _builder_version=&#8221;4.10.4&#8243; _module_preset=&#8221;default&#8221; global_colors_info=&#8221;{}&#8221;][\/et_pb_image][\/et_pb_column][\/et_pb_row][et_pb_row _builder_version=&#8221;4.10.4&#8243; _module_preset=&#8221;default&#8221; global_colors_info=&#8221;{}&#8221;][et_pb_column type=&#8221;4_4&#8243; _builder_version=&#8221;4.10.4&#8243; _module_preset=&#8221;default&#8221; global_colors_info=&#8221;{}&#8221;][et_pb_text _builder_version=&#8221;4.10.4&#8243; _module_preset=&#8221;default&#8221; global_colors_info=&#8221;{}&#8221;]<\/p>\n<h1>DATENSCHUTZERKL\u00c4RUNG<\/h1>\n<p>Der Schutz Ihrer pers\u00f6nlichen Daten ist uns ein Anliegen. Wir verarbeiten Ihre Daten daher ausschlie\u00dflich auf Grundlage der gesetzlichen Bestimmungen (DSGVO).<\/p>\n<p>In diesen Datenschutzinformationen informieren wir Sie \u00fcber die wichtigsten Aspekte der Datenverarbeitung im Rahmen unserer Webseite. Die Nutzung unserer Webseite ist in der Regel ohne Angabe personenbezogener Daten m\u00f6glich.<\/p>\n<h3>Kontakt<\/h3>\n<p>Die personenbezogenen Daten von Usern werden nur so lange aufbewahrt, wie dies vern\u00fcnftigerweise von uns als n\u00f6tig erachtet wird, um den Zweck der Verarbeitung zu erreichen und wie dies nach anwendbarem Recht zul\u00e4ssig ist. Wir speichern die personenbezogenen Daten jedenfalls solange gesetzliche Aufbewahrungspflichten bestehen. Diese Daten werden ohne Ihre ausdr\u00fcckliche Zustimmung nicht an Dritte weitergegeben.<\/p>\n<h3>Rechte<\/h3>\n<p>Wir weisen auf nachstehende Rechte hin, die dem Betroffenen bez\u00fcglich der Verarbeitung von ihn betreffenden personenbezogenen Daten zustehen: Recht auf Auskunft, Recht auf Berichtigung, Recht auf L\u00f6schung, Recht auf Einschr\u00e4nkung der Verarbeitung, Recht auf Daten\u00fcbertragbarkeit sowie Recht auf Widerspruch gegen die Verarbeitung.<\/p>\n<p>Fragen zum Datenschutz richten Sie bitte an chris.neubauer@gmx.at.<\/p>\n<p>[\/et_pb_text][\/et_pb_column][\/et_pb_row][\/et_pb_section]<\/p>\n","protected":false},"excerpt":{"rendered":"<p>KONTAKT So kannst du uns erreichen: Sensei Mag. Christoph Neubauer e-Mail: chris.neubauer@gmx.at Telefon: 0650\/2918986 Didi Neubauer e-Mail: didi.r@gmx.at Telefon: 0676\/96 49 787 DATENSCHUTZERKL\u00c4RUNG Der Schutz Ihrer pers\u00f6nlichen Daten ist uns ein Anliegen. Wir verarbeiten Ihre Daten daher ausschlie\u00dflich auf Grundlage der gesetzlichen Bestimmungen (DSGVO). In diesen Datenschutzinformationen informieren wir Sie \u00fcber die wichtigsten Aspekte der [&hellip;]<\/p>\n","protected":false},"author":1,"featured_media":0,"parent":0,"menu_order":0,"comment_status":"closed","ping_status":"closed","template":"","meta":{"_et_pb_use_builder":"on","_et_pb_old_content":"","_et_gb_content_width":"","footnotes":""},"class_list":["post-114","page","type-page","status-publish","hentry"],"_links":{"self":[{"href":"https:\/\/www.akaritatsu.at\/index.php\/wp-json\/wp\/v2\/pages\/114","targetHints":{"allow":["GET"]}}],"collection":[{"href":"https:\/\/www.akaritatsu.at\/index.php\/wp-json\/wp\/v2\/pages"}],"about":[{"href":"https:\/\/www.akaritatsu.at\/index.php\/wp-json\/wp\/v2\/types\/page"}],"author":[{"embeddable":true,"href":"https:\/\/www.akaritatsu.at\/index.php\/wp-json\/wp\/v2\/users\/1"}],"replies":[{"embeddable":true,"href":"https:\/\/www.akaritatsu.at\/index.php\/wp-json\/wp\/v2\/comments?post=114"}],"version-history":[{"count":6,"href":"https:\/\/www.akaritatsu.at\/index.php\/wp-json\/wp\/v2\/pages\/114\/revisions"}],"predecessor-version":[{"id":460,"href":"https:\/\/www.akaritatsu.at\/index.php\/wp-json\/wp\/v2\/pages\/114\/revisions\/460"}],"wp:attachment":[{"href":"https:\/\/www.akaritatsu.at\/index.php\/wp-json\/wp\/v2\/media?parent=114"}],"curies":[{"name":"wp","href":"https:\/\/api.w.org\/{rel}","templated":true}]}}